ands digit of 15544731?
5
What is the hundreds digit of 2072249?
2
What is the millions digit of 12290677?
2
What is the hundred thousands digit of 324306?
3
What is the tens digit of 19177643?
4
What is the hundreds digit of 705092?
0
What is the tens digit of 3913683?
8
What is the hundreds digit of 959966?
9
What is the hundreds digit of 77491?
4
What is the tens digit of 588291?
9
What is the thousands digit of 11046862?
6
What is the units digit of 1100315?
5
What is the hundreds digit of 172449?
4
What is the hundred thousands digit of 1169265?
1
What is the hundred thousands digit of 14769164?
7
What is the ten thousands digit of 1804476?
0
What is the hundreds digit of 319542?
5
What is the units digit of 5913673?
3
What is the hundreds digit of 1499743?
7
What is the tens digit of 267682?
8
What is the hundreds digit of 79159?
1
What is the tens digit of 773235?
3
What is the hundred thousands digit of 5013120?
0
What is the hundreds digit of 329767?
7
What is the millions digit of 1682995?
1
What is the ten thousands digit of 476880?
7
What is the units digit of 433024?
4
What is the tens digit of 11059669?
6
What is the units digit of 170014?
4
What is the ten thousands digit of 27737567?
3
What is the units digit of 26323793?
3
What is the hundreds digit of 61648?
6
What is the millions digit of 20268517?
0
What is the tens digit of 547627?
2
What is the ten thousands digit of 1613663?
1
What is the thousands digit of 1001021?
1
What is the hundred thousands digit of 716680?
7
What is the thousands digit of 968085?
8
What is the millions digit of 4381322?
4
What is the units digit of 2142672?
2
What is the thousands digit of 563893?
3
What is the ten thousands digit of 685372?
8
What is the ten thousands digit of 364846?
6
What is the hundreds digit of 56202?
2
What is the thousands digit of 413835?
3
What is the millions digit of 2435763?
2
What is the ten thousands digit of 468161?
6
What is the tens digit of 217255?
5
What is the hundreds digit of 2617031?
0
What is the thousands digit of 962795?
2
What is the hundreds digit of 246758?
7
What is the ten thousands digit of 345731?
4
What is the units digit of 840847?
7
What is the hundreds digit of 359770?
7
What is the hundreds digit of 620188?
1
What is the units digit of 119053?
3
What is the hundred thousands digit of 172793?
1
What is the thousands digit of 259261?
9
What is the hundreds digit of 855089?
0
What is the units digit of 808211?
1
What is the hundreds digit of 148690?
6
What is the thousands digit of 4748363?
8
What is the hundreds digit of 1256417?
4
What is the hundred thousands digit of 1761531?
7
What is the hundreds digit of 3099709?
7
What is the hundred thousands digit of 3803589?
8
What is the hundreds digit of 4266508?
5
What is the ten millions digit of 13879803?
1
What is the hundred thousands digit of 521529?
5
What is the ten thousands digit of 1099942?
9
What is the thousands digit of 174480?
4
What is the ten thousands digit of 370425?
7
What is the hundred thousands digit of 861237?
8
What is the tens digit of 4231220?
2
What is the ten thousands digit of 2210630?
1
What is the ten thousands digit of 177070?
7
What is the millions digit of 3388502?
3
What is the hundreds digit of 11216952?
9
What is the ten thousands digit of 83611?
8
What is the hundreds digit of 1437208?
2
What is the tens digit of 4515956?
5
What is the hundred thousands digit of 746388?
7
What is the tens digit of 4668414?
1
What is the tens digit of 1717892?
9
What is the ten thousands digit of 22334113?
3
What is the hundreds digit of 139211?
2
What is the units digit of 143585?
5
What is the ten thousands digit of 21681?
2
What is the thousands digit of 755017?
5
What is the ten thousands digit of 1432289?
3
What is the hundreds digit of 751838?
8
What is the ten thousands digit of 1045251?
4
What is the thousands digit of 112646?
2
What is the thousands digit of 12873267?
3
What is the hundred thousands digit of 214630?
2
What is the hundred thousands digit of 30670828?
6
What is the units digit of 254526?
6
What is the millions digit of 2632661?
2
What is the tens digit of 4661834?
3
What is the units digit of 5475250?
0
What is the units digit of 2185198?
8
What is the hundred thousands digit of 145449?
1
What is the ten thousands digit of 661324?
6
What is the ten thousands digit of 486550?
8
What is the hundreds digit of 1203049?
0
What is the thousands digit of 590257?
0
What is the ten thousands digit of 226634?
2
What is the thousands digit of 51778?
1
What is the tens digit of 40400892?
9
What is the millions digit of 1198075?
1
What is the hundred thousands digit of 4827289?
8
What is the units digit of 315574?
4
What is the tens digit of 296096?
9
What is the millions digit of 1835088?
1
What is the hundred thousands digit of 116211?
1
What is the millions digit of 13535604?
3
What is the ten thousands digit of 508383?
0
What is the hundred thousands digit of 282648?
2
What is the ten thousands digit of 9918223?
1
What is the units digit of 475990?
0
What is the hundred thousands digit of 539433?
5
What is the tens digit of 5074977?
7
What is the millions digit of 17020223?
7
What is the thousands digit of 1350892?
0
What is the hundreds digit of 2670105?
1
What is the ten thousands digit of 218614?
1
What is the tens digit of 1509583?
8
What is the hundreds digit of 1014697?
6
What is the units digit of 356885?
5
What is the units digit of 878393?
3
What is the units digit of 402703?
3
What is the tens digit of 265849?
4
What is the ten thousands digit of 54211?
5
What is the thousands digit of 18623486?
3
What is the hundreds digit of 4829571?
5
What is the thousands digit of 804814?
4
What is the units digit of 23977383?
3
What is the hundreds digit of 337747?
7
What is the ten thousands digit of 509424?
0
What is the hundreds digit of 1665101?
1
What is the ten millions digit of 10447214?
1
What is the hundred thousands digit of 301197?
3
What is the tens digit of 2522463?
6
What is the units digit of 190197?
7
What is the hundreds digit of 8791?
7
What is the tens digit of 2227120?
2
What is the ten thousands digit of 336006?
3
What is the thousands digit of 636681?
6
What is the ten thousands digit of 240558?
4
What is the hundreds digit of 366070?
0
What is the units digit of 295086?
6
What is the units digit of 609?
9
What is the thousands digit of 134108?
4
What is the ten thousands digit of 35001478?
0
What is the hundreds digit of 209250?
2
What is the tens digit of 27232950?
5
What is the hundred thousands digit of 5705657?
7
What is the thousands digit of 1610649?
0
What is the ten thousands digit of 326375?
2
What is the hundred thousands digit of 11034250?
0
What is the hundreds digit of 1272570?
5
What is the hundred thousands digit of 1931138?
9
What is the millions digit of 8984941?
8
What is the tens digit of 26481031?
3
What is the hundreds digit of 172240?
2
What is the thousands digit of 887107?
7
What is the hundreds digit of 314054?
0
What is the hundred thousands digit of 176916?
1
What is the thousands digit of 125869?
5
What is the millions digit of 1473959?
1
What is the ten thousands digit of 9627114?
2
What is the ten millions digit of 18099032?
1
What is the units digit of 310134?
4
What is the units digit of 28816?
6
What is the tens digit of 1061359?
5
What is the thousands digit of 459960?
9
What is the ten thousands digit of 1945720?
4
What is the millions digit of 13498913?
3
What is the tens digit of 643292?
9
What is the thousands digit of 290129?
0
What is the hundred thousands digit of 162642?
1
What is the ten thousands digit of 619014?
1
What is the thousands digit of 1407275?
7
What is the tens digit of 314921?
2
What is the tens digit of 2809129?
2
What is the hundred thousands digit of 5295016?
2
What is the hundred thousands digit of 164690?
1
What is the hundred thousands digit of 197392?
1
What is the units digit of 4994820?
0
What is the hundred thousands digit of 1861110?
8
What is the hundreds digit of 4006690?
6
What is the hundreds digit of 186319?
3
What is the thousands digit of 9830336?
0
What is the thousands digit of 328858?
8
What is the hundred thousands digit of 3363686?
3
What is the hundreds digi